{"id":322,"date":"2020-04-12T19:22:48","date_gmt":"2020-04-12T17:22:48","guid":{"rendered":"https:\/\/la-musique-et-vous.com\/formation\/wp-formation\/?post_type=product&#038;p=322"},"modified":"2020-05-11T10:05:46","modified_gmt":"2020-05-11T08:05:46","slug":"module-1-donner-un-bon-depart-a-votre-enfant-dans-son-apprentissage-de-la-musique","status":"publish","type":"product","link":"https:\/\/la-musique-et-vous.com\/formation\/wp-formation\/produit\/module-1-donner-un-bon-depart-a-votre-enfant-dans-son-apprentissage-de-la-musique\/","title":{"rendered":"Module 1 : donner un bon d\u00e9part \u00e0 votre enfant dans son apprentissage de la musique"},"content":{"rendered":"<p><span style=\"font-family: Liberation Serif, serif;\"><span style=\"font-size: medium;\"><b>Module 1 \u00ab\u00a0Pour bien commencer\u00a0\u00bb<\/b><\/span><\/span><\/p>\n<p><span style=\"font-family: Liberation Serif, serif;\"><span style=\"font-size: medium;\">Ce module s\u2019adresse surtout aux parents dont l\u2019enfant va d\u00e9buter, mais il sera \u00e9galement utile si votre enfant a d\u00e9j\u00e0 commenc\u00e9 son apprentissage. Il aborde les th\u00e9matiques et questions suivantes :<br \/>\n<\/span><\/span><\/p>\n<ul>\n<li><span style=\"font-family: Liberation Serif, serif;\"><span style=\"font-size: medium;\">Comment <strong>nourrir l\u2019envie<\/strong> de musique et <strong>d\u00e9velopper la culture<\/strong> musicale\u00a0?<\/span><\/span><\/li>\n<li><span style=\"font-family: Liberation Serif, serif;\"><span style=\"font-size: medium;\">De multiples id\u00e9es pour mettre la <strong>musique dans le quotidien<\/strong> de l\u2019enfant<\/span><\/span><\/li>\n<li><span style=\"font-family: Liberation Serif, serif;\"><span style=\"font-size: medium;\">Les <strong>motivations<\/strong><\/span><\/span><\/li>\n<li>\n<p align=\"left\"><span style=\"font-family: Liberation Serif, serif;\"><span style=\"font-size: medium;\">Les premi\u00e8res questions : que choisir entre \u00e9cole, conservatoire ou prof particulier ? Faut-il <strong>acheter ou louer l&rsquo;instrument\u00a0<\/strong>? Qu\u2019en est-il du <strong>solf\u00e8ge<\/strong> ? Quel est le bon <strong>\u00e2ge pour d\u00e9buter<\/strong> ? Quel instrument choisir\u00a0?\u2026<\/span><\/span><\/p>\n<\/li>\n<\/ul>\n","protected":false},"excerpt":{"rendered":"<p>Ce module est extrait de la formation en ligne \u00ab\u00a0Mon enfant apprend la musique, je l&rsquo;accompagne\u00a0\u00bb.<\/p>\n<p>Le module 1 <strong>r\u00e9pond \u00e0 toutes les questions<\/strong> que vous vous posez si votre enfant souhaite d\u00e9buter la musique. Aidez-le \u00e0 prendre un bon d\u00e9part !<\/p>\n<p>(voir description d\u00e9taill\u00e9e ci-dessous)<\/p>\n","protected":false},"featured_media":324,"comment_status":"closed","ping_status":"closed","template":"","meta":[],"product_brand":[],"product_cat":[15],"product_tag":[],"class_list":{"0":"post-322","1":"product","2":"type-product","3":"status-publish","4":"has-post-thumbnail","6":"product_cat-non-classe","8":"first","9":"instock","10":"downloadable","11":"virtual","12":"purchasable","13":"product-type-simple"},"jetpack_sharing_enabled":true,"_links":{"self":[{"href":"https:\/\/la-musique-et-vous.com\/formation\/wp-formation\/wp-json\/wp\/v2\/product\/322","targetHints":{"allow":["GET"]}}],"collection":[{"href":"https:\/\/la-musique-et-vous.com\/formation\/wp-formation\/wp-json\/wp\/v2\/product"}],"about":[{"href":"https:\/\/la-musique-et-vous.com\/formation\/wp-formation\/wp-json\/wp\/v2\/types\/product"}],"replies":[{"embeddable":true,"href":"https:\/\/la-musique-et-vous.com\/formation\/wp-formation\/wp-json\/wp\/v2\/comments?post=322"}],"wp:featuredmedia":[{"embeddable":true,"href":"https:\/\/la-musique-et-vous.com\/formation\/wp-formation\/wp-json\/wp\/v2\/media\/324"}],"wp:attachment":[{"href":"https:\/\/la-musique-et-vous.com\/formation\/wp-formation\/wp-json\/wp\/v2\/media?parent=322"}],"wp:term":[{"taxonomy":"product_brand","embeddable":true,"href":"https:\/\/la-musique-et-vous.com\/formation\/wp-formation\/wp-json\/wp\/v2\/product_brand?post=322"},{"taxonomy":"product_cat","embeddable":true,"href":"https:\/\/la-musique-et-vous.com\/formation\/wp-formation\/wp-json\/wp\/v2\/product_cat?post=322"},{"taxonomy":"product_tag","embeddable":true,"href":"https:\/\/la-musique-et-vous.com\/formation\/wp-formation\/wp-json\/wp\/v2\/product_tag?post=322"}],"curies":[{"name":"wp","href":"https:\/\/api.w.org\/{rel}","templated":true}]}}